te the remainder when 862 is divided by 125.
112
What is the remainder when 15648 is divided by 5196?
60
Calculate the remainder when 10669 is divided by 9.
4
What is the remainder when 48442 is divided by 351?
4
Calculate the remainder when 760642 is divided by 27.
25
Calculate the remainder when 22824 is divided by 1201.
5
Calculate the remainder when 85118 is divided by 665.
663
What is the remainder when 207831 is divided by 1252?
1251
Calculate the remainder when 261777 is divided by 11381.
14
Calculate the remainder when 323170 is divided by 77.
1
Calculate the remainder when 3644 is divided by 859.
208
Calculate the remainder when 532321 is divided by 44360.
1
What is the remainder when 636507 is divided by 1900?
7
Calculate the remainder when 5608 is divided by 5602.
6
What is the remainder when 663 is divided by 93?
12
What is the remainder when 8997 is divided by 41?
18
What is the remainder when 2964 is divided by 2493?
471
What is the remainder when 10271 is divided by 1467?
2
Calculate the remainder when 8826 is divided by 327.
324
Calculate the remainder when 25865 is divided by 16.
9
What is the remainder when 1215 is divided by 1175?
40
Calculate the remainder when 560621 is divided by 39.
35
Calculate the remainder when 11099 is divided by 148.
147
Calculate the remainder when 277176 is divided by 20.
16
Calculate the remainder when 4825915 is divided by 29.
25
Calculate the remainder when 259900 is divided by 77.
25
Calculate the remainder when 9429 is divided by 210.
189
Calculate the remainder when 10921 is divided by 3517.
370
Calculate the remainder when 63694 is divided by 63637.
57
Calculate the remainder when 7052 is divided by 1636.
508
What is the remainder when 1956494 is divided by 16?
14
Calculate the remainder when 9757 is divided by 891.
847
Calculate the remainder when 86547 is divided by 43270.
7
What is the remainder when 88890 is divided by 1111?
10
What is the remainder when 1934 is divided by 694?
546
Calculate the remainder when 97203 is divided by 24295.
23
Calculate the remainder when 99753 is divided by 83.
70
What is the remainder when 781 is divided by 103?
60
What is the remainder when 33096 is divided by 31?
19
Calculate the remainder when 1733 is divided by 343.
18
Calculate the remainder when 4410 is divided by 2635.
1775
Calculate the remainder when 103850 is divided by 697.
694
Calculate the remainder when 1868 is divided by 82.
64
What is the remainder when 3698 is divided by 489?
275
Calculate the remainder when 22483 is divided by 2498.
1
Calculate the remainder when 29708 is divided by 14830.
48
What is the remainder when 3777 is divided by 1558?
661
What is the remainder when 7463 is divided by 495?
38
What is the remainder when 21088 is divided by 100?
88
Calculate the remainder when 150247 is divided by 11.
9
What is the remainder when 5558 is divided by 174?
164
Calculate the remainder when 50931 is divided by 52.
23
What is the remainder when 1104178 is divided by 55?
53
What is the remainder when 928 is divided by 486?
442
What is the remainder when 89584 is divided by 81?
79
Calculate the remainder when 56340 is divided by 246.
6
What is the remainder when 1477618 is divided by 37?
23
Calculate the remainder when 529649 is divided by 275.
274
Calculate the remainder when 1875 is divided by 174.
135
What is the remainder when 4140 is divided by 7?
3
What is the remainder when 28102 is divided by 14041?
20
Calculate the remainder when 9654 is divided by 12.
6
What is the remainder when 72231 is divided by 33?
27
Calculate the remainder when 11480 is divided by 310.
10
Calculate the remainder when 39495 is divided by 355.
90
Calculate the remainder when 5390 is divided by 672.
14
What is the remainder when 18388 is divided by 100?
88
What is the remainder when 60809 is divided by 2338?
21
What is the remainder when 10957 is divided by 10920?
37
Calculate the remainder when 2896 is divided by 353.
72
Calculate the remainder when 2388 is divided by 1171.
46
Calculate the remainder when 8266 is divided by 265.
51
What is the remainder when 10704 is divided by 1529?
1
What is the remainder when 6688 is divided by 316?
52
Calculate the remainder when 31133 is divided by 202.
25
What is the remainder when 3336 is divided by 3274?
62
What is the remainder when 1137 is divided by 41?
30
Calculate the remainder when 540 is divided by 18.
0
What is the remainder when 33385 is divided by 33384?
1
What is the remainder when 1169377 is divided by 97448?
1
Calculate the remainder when 414796 is divided by 138264.
4
Calculate the remainder when 237219 is divided by 23.
20
What is the remainder when 132875 is divided by 556?
547
What is the remainder when 1699 is divided by 656?
387
Calculate the remainder when 400177 is divided by 428.
425
Calculate the remainder when 415 is divided by 137.
4
Calculate the remainder when 7479 is divided by 288.
279
What is the remainder when 2616 is divided by 1305?
6
Calculate the remainder when 31221 is divided by 122.
111
What is the remainder when 22766 is divided by 11189?
388
What is the remainder when 70196 is divided by 167?
56
What is the remainder when 158 is divided by 5?
3
Calculate the remainder when 86628 is divided by 86611.
17
Calculate the remainder when 280 is divided by 110.
60
What is the remainder when 25542 is divided by 106?
102
What is the remainder when 330 is divided by 221?
109
Calculate the remainder when 9474 is divided by 56.
10
Calculate the remainder when 4587 is divided by 511.
499
Calculate the remainder when 276198 is divided by 100.
98
What is the remainder when 289739 is divided by 55?
54
Calculate the remainder when 52791 is divided by 42.
39
What is the remainder when 90892 is divided by 437?
433
Calculate the remainder when 10221 is divided by 180.
141
Calculate the remainder when 3021 is divided by 996.
33
What is the remainder when 3932 is divided by 50?
32
What is the remainder when 142556 is divided by 24?
20
What is the remainder when 583658 is divided by 835?
828
What is the remainder when 29361 is divided by 4184?
73
Calculate the remainder when 6069 is divided by 3032.
5
What is the remainder when 22278 is divided by 968?
14
What is the remainder when 1920 is divided by 611?
87
Calculate the remainder when 8009 is divided by 1598.
19
What is the remainder when 16202 is divided by 3235?
27
What is the remainder when 12299 is divided by 73?
35
Calculate the remainder when 2218 is divided by 244.
22
Calculate the remainder when 20358 is divided by 1122.
162
Calculate the remainder when 292969 is divided by 47.
18
Calculate the remainder when 22639 is divided by 226.
39
What is the remainder when 945126 is divided by 123?
117
What is the remainder when 321 is divided by 40?
1
What is the remainder when 9490 is divided by 4?
2
Calculate the remainder when 148259 is divided by 35.
34
What is the remainder when 4681 is divided by 96?
73
Calculate the remainder when 13956 is divided by 77.
19
Calculate the remainder when 18732 is divided by 89.
42
What is the remainder when 2303 is divided by 701?
200
What is the remainder when 542391 is divided by 67798?
7
Calculate the remainder when 44743 is divided by 12.
7
Calculate the remainder when 3049 is divided by 1519.
11
What is the remainder when 6110765 is divided by 107?
102
Calculate the remainder when 263343 is divided by 87750.
93
What is the remainder when 142048 is divided by 899?
6
Calculate the remainder when 930 is divided by 303.
21
What is the remainder when 6934 is divided by 34?
32
Calculate the remainder when 262065 is divided by 47.
40
What is the remainder when 22444 is divided by 22232?
212
Calculate the remainder when 6483 is divided by 191.
180
Calculate the remainder when 17065 is divided by 8307.
451
What is the remainder when 2039983 is divided by 59?
58
Calculate the remainder when 602063 is divided by 377.
371
What is the remainder when 425 is divided by 144?
137
Calculate the remainder when 30136 is divided by 200.
136
What is the remainder when 36622 is divided by 64?
14
What is the remainder when 95186 is divided by 514?
96
Calculate the remainder when 130266 is divided by 87.
27
What is the remainder when 538056 is divided by 43?
40
What is the rem